{"id":112,"date":"2016-04-29T21:14:38","date_gmt":"2016-04-29T19:14:38","guid":{"rendered":"http:\/\/s368574448.online.de\/?page_id=112"},"modified":"2025-10-12T18:20:59","modified_gmt":"2025-10-12T18:20:59","slug":"aktivitaeten-2011","status":"publish","type":"page","link":"https:\/\/xn--bvbergmannsglck-datteln-opc.de\/?page_id=112","title":{"rendered":"Aktivit\u00e4ten 2011"},"content":{"rendered":"<h6>April 2011<\/h6>\n<p style=\"text-align: left;\">Maifeier in Waltrop<\/p>\n<div id=\"attachment_1389\" style=\"width: 310px\" class=\"wp-caption aligncenter\"><a href=\"http:\/\/xn--bvbergmannsglck-datteln-opc.de\/wp-content\/uploads\/2017\/04\/01.-mai-2011-waltrop-300x205.jpg\" rel=\"wpdevart_lightbox\"><img loading=\"lazy\" decoding=\"async\" aria-describedby=\"caption-attachment-1389\" class=\"size-full wp-image-1389\" src=\"http:\/\/xn--bvbergmannsglck-datteln-opc.de\/wp-content\/uploads\/2017\/04\/01.-mai-2011-waltrop-300x205.jpg\" alt=\"Bergmannsgl\u00fcck-Datteln Waltrop\" width=\"300\" height=\"205\" \/><\/a><p id=\"caption-attachment-1389\" class=\"wp-caption-text\">Maifeier des DGB in Waltrop Quelle Waltroper Zeitung<\/p><\/div>\n<h6>April 2011<\/h6>\n<p>Maibaumaufstellung in Meckinghoven<\/p>\n<div id=\"attachment_1357\" style=\"width: 310px\" class=\"wp-caption aligncenter\"><a href=\"http:\/\/xn--bvbergmannsglck-datteln-opc.de\/wp-content\/uploads\/2017\/04\/Bild-108_a-300x200.jpg\" rel=\"wpdevart_lightbox\"><img loading=\"lazy\" decoding=\"async\" aria-describedby=\"caption-attachment-1357\" class=\"size-full wp-image-1357\" src=\"http:\/\/xn--bvbergmannsglck-datteln-opc.de\/wp-content\/uploads\/2017\/04\/Bild-108_a-300x200.jpg\" alt=\"Bergmannsgl\u00fcck-datteln in Meckinghoven\" width=\"300\" height=\"200\" \/><\/a><p id=\"caption-attachment-1357\" class=\"wp-caption-text\">Maibaumaufstellung in Meckinghoven<\/p><\/div>\n<div id=\"attachment_1358\" style=\"width: 310px\" class=\"wp-caption aligncenter\"><a href=\"http:\/\/xn--bvbergmannsglck-datteln-opc.de\/wp-content\/uploads\/2017\/04\/Bild-111_a-300x200.jpg\" rel=\"wpdevart_lightbox\"><img loading=\"lazy\" decoding=\"async\" aria-describedby=\"caption-attachment-1358\" class=\"size-full wp-image-1358\" src=\"http:\/\/xn--bvbergmannsglck-datteln-opc.de\/wp-content\/uploads\/2017\/04\/Bild-111_a-300x200.jpg\" alt=\"Bergmannsgl\u00fcck-Meckinghoven\" width=\"300\" height=\"200\" \/><\/a><p id=\"caption-attachment-1358\" class=\"wp-caption-text\">Maibaumaufstellung in Datteln-Meckinghoven<\/p><\/div>\n<h6>Mai 2011<\/h6>\n<p style=\"text-align: left;\">Maifeier am Hermann-Grochtmann-Museum<\/p>\n<div id=\"attachment_1392\" style=\"width: 310px\" class=\"wp-caption aligncenter\"><a href=\"http:\/\/xn--bvbergmannsglck-datteln-opc.de\/wp-content\/uploads\/2017\/04\/322238_1_DML_Erster_-300x225.jpg\" rel=\"wpdevart_lightbox\"><img loading=\"lazy\" decoding=\"async\" aria-describedby=\"caption-attachment-1392\" class=\"size-full wp-image-1392\" src=\"http:\/\/xn--bvbergmannsglck-datteln-opc.de\/wp-content\/uploads\/2017\/04\/322238_1_DML_Erster_-300x225.jpg\" alt=\"Bergmannsgl\u00fcck-DGB\" width=\"300\" height=\"225\" \/><\/a><p id=\"caption-attachment-1392\" class=\"wp-caption-text\">Werbung f\u00fcr den 1. Mai in Datteln. v. li. Helmut Neuhaus, G\u00f6khan Tonguc, Isolde Simon, Tim Tonguc, Jochen Schwarm. Foto: Friedrich Piper<\/p><\/div>\n<div id=\"attachment_1362\" style=\"width: 310px\" class=\"wp-caption aligncenter\"><a href=\"http:\/\/xn--bvbergmannsglck-datteln-opc.de\/wp-content\/uploads\/2017\/04\/CIMG4678_a-300x225.jpg\" rel=\"wpdevart_lightbox\"><img loading=\"lazy\" decoding=\"async\" aria-describedby=\"caption-attachment-1362\" class=\"size-full wp-image-1362\" src=\"http:\/\/xn--bvbergmannsglck-datteln-opc.de\/wp-content\/uploads\/2017\/04\/CIMG4678_a-300x225.jpg\" alt=\"Bergmannsgl\u00fcck-Datteln 1. Mai\" width=\"300\" height=\"225\" \/><\/a><p id=\"caption-attachment-1362\" class=\"wp-caption-text\">Maifeier 2011<\/p><\/div>\n<div id=\"attachment_1361\" style=\"width: 310px\" class=\"wp-caption aligncenter\"><a href=\"http:\/\/xn--bvbergmannsglck-datteln-opc.de\/wp-content\/uploads\/2017\/04\/CIMG4675_a-300x225.jpg\" rel=\"wpdevart_lightbox\"><img loading=\"lazy\" decoding=\"async\" aria-describedby=\"caption-attachment-1361\" class=\"size-full wp-image-1361\" src=\"http:\/\/xn--bvbergmannsglck-datteln-opc.de\/wp-content\/uploads\/2017\/04\/CIMG4675_a-300x225.jpg\" alt=\"Bergmannsgl\u00fcck-1. Mai 2011\" width=\"300\" height=\"225\" \/><\/a><p id=\"caption-attachment-1361\" class=\"wp-caption-text\">Maifeier 2011<\/p><\/div>\n<div id=\"attachment_1394\" style=\"width: 310px\" class=\"wp-caption aligncenter\"><a href=\"http:\/\/xn--bvbergmannsglck-datteln-opc.de\/wp-content\/uploads\/2017\/04\/CIMG4683_a-300x225-1.jpg\" rel=\"wpdevart_lightbox\"><img loading=\"lazy\" decoding=\"async\" aria-describedby=\"caption-attachment-1394\" class=\"size-full wp-image-1394\" src=\"http:\/\/xn--bvbergmannsglck-datteln-opc.de\/wp-content\/uploads\/2017\/04\/CIMG4683_a-300x225-1.jpg\" alt=\"Bergmannsgl\u00fcck 1. Mai\" width=\"300\" height=\"225\" \/><\/a><p id=\"caption-attachment-1394\" class=\"wp-caption-text\">Maifeier 2011, G\u00e4ste vom Partnerverein Haltern am See<\/p><\/div>\n<h6>Mai 2011<\/h6>\n<p>Landeskirchschicht in Castrop-Rauxel Ickern<\/p>\n<div id=\"attachment_1365\" style=\"width: 310px\" class=\"wp-caption aligncenter\"><a href=\"http:\/\/xn--bvbergmannsglck-datteln-opc.de\/wp-content\/uploads\/2017\/04\/CIMG4797_a-300x225.jpg\" rel=\"wpdevart_lightbox\"><img loading=\"lazy\" decoding=\"async\" aria-describedby=\"caption-attachment-1365\" class=\"size-full wp-image-1365\" src=\"http:\/\/xn--bvbergmannsglck-datteln-opc.de\/wp-content\/uploads\/2017\/04\/CIMG4797_a-300x225.jpg\" alt=\"Bergmannsgl\u00fcck-Datteln \" width=\"300\" height=\"225\" \/><\/a><p id=\"caption-attachment-1365\" class=\"wp-caption-text\">2011 Landeskirchschicht in Castrop-Rauxel<\/p><\/div>\n<div id=\"attachment_1366\" style=\"width: 310px\" class=\"wp-caption aligncenter\"><a href=\"http:\/\/xn--bvbergmannsglck-datteln-opc.de\/wp-content\/uploads\/2017\/04\/CIMG4803_a-300x225.jpg\" rel=\"wpdevart_lightbox\"><img loading=\"lazy\" decoding=\"async\" aria-describedby=\"caption-attachment-1366\" class=\"size-full wp-image-1366\" src=\"http:\/\/xn--bvbergmannsglck-datteln-opc.de\/wp-content\/uploads\/2017\/04\/CIMG4803_a-300x225.jpg\" alt=\"Bergmannsgl\u00fcck-Dattel\u00f6n CAS\" width=\"300\" height=\"225\" \/><\/a><p id=\"caption-attachment-1366\" class=\"wp-caption-text\">2011 Landeskirchschicht NRW in CAS<\/p><\/div>\n<h6>02. -04 Juli 2011<\/h6>\n<p>Bergmannsfest in Unterbreizbach\/Th\u00fcringen<\/p>\n<p>Am Vortag Besuch der Grube H\u00fchn in Trusetal<\/p>\n<div id=\"attachment_1372\" style=\"width: 310px\" class=\"wp-caption aligncenter\"><a href=\"http:\/\/xn--bvbergmannsglck-datteln-opc.de\/wp-content\/uploads\/2017\/04\/DSCF0133_a-300x225.jpg\" rel=\"wpdevart_lightbox\"><img loading=\"lazy\" decoding=\"async\" aria-describedby=\"caption-attachment-1372\" class=\"size-full wp-image-1372\" src=\"http:\/\/xn--bvbergmannsglck-datteln-opc.de\/wp-content\/uploads\/2017\/04\/DSCF0133_a-300x225.jpg\" alt=\"Bergmannsgl\u00fcck-Datteln Grube H\u00fchn\" width=\"300\" height=\"225\" \/><\/a><p id=\"caption-attachment-1372\" class=\"wp-caption-text\">2011 Grube H\u00fchn\/Th\u00fcringen<\/p><\/div>\n<div id=\"attachment_1371\" style=\"width: 310px\" class=\"wp-caption aligncenter\"><a href=\"http:\/\/xn--bvbergmannsglck-datteln-opc.de\/wp-content\/uploads\/2017\/04\/DSCF0116_a-300x225.jpg\" rel=\"wpdevart_lightbox\"><img loading=\"lazy\" decoding=\"async\" aria-describedby=\"caption-attachment-1371\" class=\"size-full wp-image-1371\" src=\"http:\/\/xn--bvbergmannsglck-datteln-opc.de\/wp-content\/uploads\/2017\/04\/DSCF0116_a-300x225.jpg\" alt=\"Bergmannsgl\u00fcck-Datteln\" width=\"300\" height=\"225\" \/><\/a><p id=\"caption-attachment-1371\" class=\"wp-caption-text\">Grube H\u00fchn<\/p><\/div>\n<div id=\"attachment_1373\" style=\"width: 310px\" class=\"wp-caption aligncenter\"><a href=\"http:\/\/xn--bvbergmannsglck-datteln-opc.de\/wp-content\/uploads\/2017\/04\/DSCF0135_a-300x225.jpg\" rel=\"wpdevart_lightbox\"><img loading=\"lazy\" decoding=\"async\" aria-describedby=\"caption-attachment-1373\" class=\"size-full wp-image-1373\" src=\"http:\/\/xn--bvbergmannsglck-datteln-opc.de\/wp-content\/uploads\/2017\/04\/DSCF0135_a-300x225.jpg\" alt=\"Bergmannsgl\u00fcck-Datteln Grube H\u00fchn\" width=\"300\" height=\"225\" \/><\/a><p id=\"caption-attachment-1373\" class=\"wp-caption-text\">03.07.2011 Grube H\u00fchn<\/p><\/div>\n<div id=\"attachment_1386\" style=\"width: 310px\" class=\"wp-caption aligncenter\"><a href=\"http:\/\/xn--bvbergmannsglck-datteln-opc.de\/wp-content\/uploads\/2017\/04\/RIMG0008_a-300x225.jpg\" rel=\"wpdevart_lightbox\"><img loading=\"lazy\" decoding=\"async\" aria-describedby=\"caption-attachment-1386\" class=\"size-full wp-image-1386\" src=\"http:\/\/xn--bvbergmannsglck-datteln-opc.de\/wp-content\/uploads\/2017\/04\/RIMG0008_a-300x225.jpg\" alt=\"Bergmannsgl\u00fcck-Datteln Th\u00fcringen\" width=\"300\" height=\"225\" \/><\/a><p id=\"caption-attachment-1386\" class=\"wp-caption-text\">2011 Grube H\u00fchn<\/p><\/div>\n<div id=\"attachment_1387\" style=\"width: 310px\" class=\"wp-caption aligncenter\"><a href=\"http:\/\/xn--bvbergmannsglck-datteln-opc.de\/wp-content\/uploads\/2017\/04\/RIMG0033_a-300x225.jpg\" rel=\"wpdevart_lightbox\"><img loading=\"lazy\" decoding=\"async\" aria-describedby=\"caption-attachment-1387\" class=\"size-full wp-image-1387\" src=\"http:\/\/xn--bvbergmannsglck-datteln-opc.de\/wp-content\/uploads\/2017\/04\/RIMG0033_a-300x225.jpg\" alt=\"Bergmannsgl\u00fcck-Dastteln Unterbreizbach\" width=\"300\" height=\"225\" \/><\/a><p id=\"caption-attachment-1387\" class=\"wp-caption-text\">2011 Aufstellung zur Bergparade<\/p><\/div>\n<div id=\"attachment_1388\" style=\"width: 310px\" class=\"wp-caption aligncenter\"><a href=\"http:\/\/xn--bvbergmannsglck-datteln-opc.de\/wp-content\/uploads\/2017\/04\/RIMG0040_a-300x225.jpg\" rel=\"wpdevart_lightbox\"><img loading=\"lazy\" decoding=\"async\" aria-describedby=\"caption-attachment-1388\" class=\"size-full wp-image-1388\" src=\"http:\/\/xn--bvbergmannsglck-datteln-opc.de\/wp-content\/uploads\/2017\/04\/RIMG0040_a-300x225.jpg\" alt=\"Bergmannsgl\u00fcck-Datteln Unterbreizbach\" width=\"300\" height=\"225\" \/><\/a><p id=\"caption-attachment-1388\" class=\"wp-caption-text\">2011 Unterbreizbach nach der Bergparade<\/p><\/div>\n<div id=\"attachment_1370\" style=\"width: 310px\" class=\"wp-caption aligncenter\"><a href=\"http:\/\/xn--bvbergmannsglck-datteln-opc.de\/wp-content\/uploads\/2017\/04\/DSC04728.1-300x225.jpg\" rel=\"wpdevart_lightbox\"><img loading=\"lazy\" decoding=\"async\" aria-describedby=\"caption-attachment-1370\" class=\"size-full wp-image-1370\" src=\"http:\/\/xn--bvbergmannsglck-datteln-opc.de\/wp-content\/uploads\/2017\/04\/DSC04728.1-300x225.jpg\" alt=\"Bergmannsgl\u00fcck-Datteln Unterbrerizbach\" width=\"300\" height=\"225\" \/><\/a><p id=\"caption-attachment-1370\" class=\"wp-caption-text\">2011 Unterbreizbach, Begr\u00fc\u00dfung<\/p><\/div>\n<h6>18. September 2011<\/h6>\n<p style=\"text-align: left;\">St. Antonius- Hachhausen<\/p>\n<div id=\"attachment_1374\" style=\"width: 310px\" class=\"wp-caption aligncenter\"><a href=\"http:\/\/xn--bvbergmannsglck-datteln-opc.de\/wp-content\/uploads\/2017\/04\/DSCF0243_a-300x225.jpg\" rel=\"wpdevart_lightbox\"><img loading=\"lazy\" decoding=\"async\" aria-describedby=\"caption-attachment-1374\" class=\"size-full wp-image-1374\" src=\"http:\/\/xn--bvbergmannsglck-datteln-opc.de\/wp-content\/uploads\/2017\/04\/DSCF0243_a-300x225.jpg\" alt=\"Bergmannsgl\u00fcck-Datteln, Hachhausen\" width=\"300\" height=\"225\" \/><\/a><p id=\"caption-attachment-1374\" class=\"wp-caption-text\">2011 St. Antonius Hachhausen, Pfarrfest<\/p><\/div>\n<div id=\"attachment_1375\" style=\"width: 310px\" class=\"wp-caption aligncenter\"><a href=\"http:\/\/xn--bvbergmannsglck-datteln-opc.de\/wp-content\/uploads\/2017\/04\/dscf0245-300x225.jpg\" rel=\"wpdevart_lightbox\"><img loading=\"lazy\" decoding=\"async\" aria-describedby=\"caption-attachment-1375\" class=\"size-full wp-image-1375\" src=\"http:\/\/xn--bvbergmannsglck-datteln-opc.de\/wp-content\/uploads\/2017\/04\/dscf0245-300x225.jpg\" alt=\"Bergmannsgl\u00fcck-Datteln-Hachhausen\" width=\"300\" height=\"225\" \/><\/a><p id=\"caption-attachment-1375\" class=\"wp-caption-text\">Pfarrfest St. Antonius Hachhausen<\/p><\/div>\n<p style=\"text-align: left;\"><strong>\u00a0<\/strong><\/p>\n<div id=\"attachment_1385\" style=\"width: 310px\" class=\"wp-caption aligncenter\"><a href=\"http:\/\/xn--bvbergmannsglck-datteln-opc.de\/wp-content\/uploads\/2017\/04\/Pfarrfest-St.-Antonius-18.09.2011-003-Weihbischhof-Dr.-Dieter-Greiling-Pastor-Martin-Limberg-Helmut_a-300x225.jpg\" rel=\"wpdevart_lightbox\"><img loading=\"lazy\" decoding=\"async\" aria-describedby=\"caption-attachment-1385\" class=\"size-full wp-image-1385\" src=\"http:\/\/xn--bvbergmannsglck-datteln-opc.de\/wp-content\/uploads\/2017\/04\/Pfarrfest-St.-Antonius-18.09.2011-003-Weihbischhof-Dr.-Dieter-Greiling-Pastor-Martin-Limberg-Helmut_a-300x225.jpg\" alt=\"Bergmannsgl\u00fcck-Hachhausen\" width=\"300\" height=\"225\" \/><\/a><p id=\"caption-attachment-1385\" class=\"wp-caption-text\">2011 Pfarrfest St. Antonius Hachhausen v. li. Bischof Greiling, Pfarrer Martin Limberg, Helmut Neuhaus<\/p><\/div>\n<div id=\"attachment_1376\" style=\"width: 310px\" class=\"wp-caption aligncenter\"><a href=\"http:\/\/xn--bvbergmannsglck-datteln-opc.de\/wp-content\/uploads\/2017\/04\/dscf0248-300x225.jpg\" rel=\"wpdevart_lightbox\"><img loading=\"lazy\" decoding=\"async\" aria-describedby=\"caption-attachment-1376\" class=\"size-full wp-image-1376\" src=\"http:\/\/xn--bvbergmannsglck-datteln-opc.de\/wp-content\/uploads\/2017\/04\/dscf0248-300x225.jpg\" alt=\"Bergmannsgl\u00fcck- in Hachhausen\" width=\"300\" height=\"225\" \/><\/a><p id=\"caption-attachment-1376\" class=\"wp-caption-text\">18.09.2011 St. Antonius Hachhausen<\/p><\/div>\n<h6><strong>21. September 2011<\/strong><\/h6>\n<p>Ehrenamtstag auf der Martin-Luther-Sra\u00dfe<\/p>\n<div id=\"attachment_1378\" style=\"width: 310px\" class=\"wp-caption aligncenter\"><a href=\"http:\/\/xn--bvbergmannsglck-datteln-opc.de\/wp-content\/uploads\/2017\/04\/ehremamtstag_24_09_2011_010-300x225.jpg\" rel=\"wpdevart_lightbox\"><img loading=\"lazy\" decoding=\"async\" aria-describedby=\"caption-attachment-1378\" class=\"size-full wp-image-1378\" src=\"http:\/\/xn--bvbergmannsglck-datteln-opc.de\/wp-content\/uploads\/2017\/04\/ehremamtstag_24_09_2011_010-300x225.jpg\" alt=\"Bergmannsgl\u00fcck-Ehrenamtstag\" width=\"300\" height=\"225\" \/><\/a><p id=\"caption-attachment-1378\" class=\"wp-caption-text\">Ehrenamtstag Er\u00f6ffnung durch B\u00fcrgermeister Wolfgang Werner<\/p><\/div>\n<div id=\"attachment_1377\" style=\"width: 421px\" class=\"wp-caption aligncenter\"><a href=\"http:\/\/xn--bvbergmannsglck-datteln-opc.de\/wp-content\/uploads\/2017\/04\/ehremamtstag_24_09_2011_002-Rottmann-Taplikowski.jpg\" rel=\"wpdevart_lightbox\"><img loading=\"lazy\" decoding=\"async\" aria-describedby=\"caption-attachment-1377\" class=\"size-full wp-image-1377\" src=\"http:\/\/xn--bvbergmannsglck-datteln-opc.de\/wp-content\/uploads\/2017\/04\/ehremamtstag_24_09_2011_002-Rottmann-Taplikowski.jpg\" alt=\"Bergmannsgl\u00fcck-Datteln Ehrenamtstag\" width=\"411\" height=\"308\" srcset=\"https:\/\/xn--bvbergmannsglck-datteln-opc.de\/wp-content\/uploads\/2017\/04\/ehremamtstag_24_09_2011_002-Rottmann-Taplikowski.jpg 411w, https:\/\/xn--bvbergmannsglck-datteln-opc.de\/wp-content\/uploads\/2017\/04\/ehremamtstag_24_09_2011_002-Rottmann-Taplikowski-300x225.jpg 300w\" sizes=\"auto, (max-width: 411px) 100vw, 411px\" \/><\/a><p id=\"caption-attachment-1377\" class=\"wp-caption-text\">2011 Ehrenamtstag<\/p><\/div>\n<h6><strong>15. Oktober 2011<\/strong><\/h6>\n<p>VF Deutscher Verband f\u00fcr Fotografie Bundesfotoschau in Olfen<\/p>\n<div id=\"attachment_1367\" style=\"width: 832px\" class=\"wp-caption aligncenter\"><a href=\"http:\/\/xn--bvbergmannsglck-datteln-opc.de\/wp-content\/uploads\/2017\/04\/dsc_0874.jpg\" rel=\"wpdevart_lightbox\"><img loading=\"lazy\" decoding=\"async\" aria-describedby=\"caption-attachment-1367\" class=\"size-full wp-image-1367\" src=\"http:\/\/xn--bvbergmannsglck-datteln-opc.de\/wp-content\/uploads\/2017\/04\/dsc_0874.jpg\" alt=\"Bergmannsgl\u00fcck-Datteln Olfen\" width=\"822\" height=\"547\" srcset=\"https:\/\/xn--bvbergmannsglck-datteln-opc.de\/wp-content\/uploads\/2017\/04\/dsc_0874.jpg 822w, https:\/\/xn--bvbergmannsglck-datteln-opc.de\/wp-content\/uploads\/2017\/04\/dsc_0874-300x200.jpg 300w, https:\/\/xn--bvbergmannsglck-datteln-opc.de\/wp-content\/uploads\/2017\/04\/dsc_0874-768x511.jpg 768w\" sizes=\"auto, (max-width: 822px) 100vw, 822px\" \/><\/a><p id=\"caption-attachment-1367\" class=\"wp-caption-text\">2011 Bundesfotoschau Olfen<\/p><\/div>\n<div id=\"attachment_1369\" style=\"width: 832px\" class=\"wp-caption aligncenter\"><a href=\"http:\/\/xn--bvbergmannsglck-datteln-opc.de\/wp-content\/uploads\/2017\/04\/dsc_0878-1.jpg\" rel=\"wpdevart_lightbox\"><img loading=\"lazy\" decoding=\"async\" aria-describedby=\"caption-attachment-1369\" class=\"size-full wp-image-1369\" src=\"http:\/\/xn--bvbergmannsglck-datteln-opc.de\/wp-content\/uploads\/2017\/04\/dsc_0878-1.jpg\" alt=\"Bergmannsgl\u00fcck-Datteln in Olfen\" width=\"822\" height=\"547\" srcset=\"https:\/\/xn--bvbergmannsglck-datteln-opc.de\/wp-content\/uploads\/2017\/04\/dsc_0878-1.jpg 822w, https:\/\/xn--bvbergmannsglck-datteln-opc.de\/wp-content\/uploads\/2017\/04\/dsc_0878-1-300x200.jpg 300w, https:\/\/xn--bvbergmannsglck-datteln-opc.de\/wp-content\/uploads\/2017\/04\/dsc_0878-1-768x511.jpg 768w\" sizes=\"auto, (max-width: 822px) 100vw, 822px\" \/><\/a><p id=\"caption-attachment-1369\" class=\"wp-caption-text\">2011 Bundesfotoschau in Olfen<\/p><\/div>\n<h6><strong>20. Oktober 2011<\/strong><\/h6>\n<p>Er\u00f6ffnung der Ausstellung Grubenwehr im Hermann-Grochtmann- Museum in Datteln<\/p>\n<div id=\"attachment_1380\" style=\"width: 179px\" class=\"wp-caption aligncenter\"><a href=\"http:\/\/xn--bvbergmannsglck-datteln-opc.de\/wp-content\/uploads\/2017\/04\/IMAG0748_a-169x300.jpg\" rel=\"wpdevart_lightbox\"><img loading=\"lazy\" decoding=\"async\" aria-describedby=\"caption-attachment-1380\" class=\"size-full wp-image-1380\" src=\"http:\/\/xn--bvbergmannsglck-datteln-opc.de\/wp-content\/uploads\/2017\/04\/IMAG0748_a-169x300.jpg\" alt=\"Bergmannsgl\u00fcck-Datteln Grubenwehr\" width=\"169\" height=\"300\" \/><\/a><p id=\"caption-attachment-1380\" class=\"wp-caption-text\">2011 Er\u00f6ffnung 100 Jahre Grubenwehr in Datteln<\/p><\/div>\n<div id=\"attachment_1381\" style=\"width: 310px\" class=\"wp-caption aligncenter\"><a href=\"http:\/\/xn--bvbergmannsglck-datteln-opc.de\/wp-content\/uploads\/2017\/04\/IMAG0752_a-300x169.jpg\" rel=\"wpdevart_lightbox\"><img loading=\"lazy\" decoding=\"async\" aria-describedby=\"caption-attachment-1381\" class=\"size-full wp-image-1381\" src=\"http:\/\/xn--bvbergmannsglck-datteln-opc.de\/wp-content\/uploads\/2017\/04\/IMAG0752_a-300x169.jpg\" alt=\"Bergmansgl\u00fcck-Datteln Bergbaumuseum Bochum\" width=\"300\" height=\"169\" \/><\/a><p id=\"caption-attachment-1381\" class=\"wp-caption-text\">Grubenwehrausstellung in Datteln<\/p><\/div>\n<div id=\"attachment_1379\" style=\"width: 310px\" class=\"wp-caption aligncenter\"><a href=\"http:\/\/xn--bvbergmannsglck-datteln-opc.de\/wp-content\/uploads\/2017\/04\/IMAG0738_a-300x169.jpg\" rel=\"wpdevart_lightbox\"><img loading=\"lazy\" decoding=\"async\" aria-describedby=\"caption-attachment-1379\" class=\"size-full wp-image-1379\" src=\"http:\/\/xn--bvbergmannsglck-datteln-opc.de\/wp-content\/uploads\/2017\/04\/IMAG0738_a-300x169.jpg\" alt=\"Bergmannsgl\u00fcck-Datteln Grubenwehr\" width=\"300\" height=\"169\" \/><\/a><p id=\"caption-attachment-1379\" class=\"wp-caption-text\">2011 Grubenwehrausstellung in Datteln. Quelle Bergbaumuseum Bochum<\/p><\/div>\n<h6><strong>20. Oktober 2011<\/strong><\/h6>\n<p>\u00dcbergabe des Immeo-\u00a0 F\u00f6rderwagens durch die Gesch\u00e4ftsf\u00fchrung der Immeo Wohnen an den B. V. Bergmannsgl\u00fcck-Datteln<\/p>\n<div id=\"attachment_1383\" style=\"width: 310px\" class=\"wp-caption aligncenter\"><a href=\"http:\/\/xn--bvbergmannsglck-datteln-opc.de\/wp-content\/uploads\/2017\/04\/Kohlelore-20.10.2011-008_a-300x225.jpg\" rel=\"wpdevart_lightbox\"><img loading=\"lazy\" decoding=\"async\" aria-describedby=\"caption-attachment-1383\" class=\"size-full wp-image-1383\" src=\"http:\/\/xn--bvbergmannsglck-datteln-opc.de\/wp-content\/uploads\/2017\/04\/Kohlelore-20.10.2011-008_a-300x225.jpg\" alt=\"Bergmannsgl\u00fcck-Datteln Immeo\" width=\"300\" height=\"225\" \/><\/a><p id=\"caption-attachment-1383\" class=\"wp-caption-text\">2011 \u00dcbergabe F\u00f6rderwagen<\/p><\/div>\n<div id=\"attachment_1384\" style=\"width: 310px\" class=\"wp-caption aligncenter\"><a href=\"http:\/\/xn--bvbergmannsglck-datteln-opc.de\/wp-content\/uploads\/2017\/04\/Kohlelore-20.10.2011-012_a-1-300x225.jpg\" rel=\"wpdevart_lightbox\"><img loading=\"lazy\" decoding=\"async\" aria-describedby=\"caption-attachment-1384\" class=\"size-full wp-image-1384\" src=\"http:\/\/xn--bvbergmannsglck-datteln-opc.de\/wp-content\/uploads\/2017\/04\/Kohlelore-20.10.2011-012_a-1-300x225.jpg\" alt=\"Bergmannsgl\u00fcck-Datteln Immeo\" width=\"300\" height=\"225\" \/><\/a><p id=\"caption-attachment-1384\" class=\"wp-caption-text\">2011 \u00dcbernahme des F\u00f6rderwagens von Immeo<\/p><\/div>\n<h6><strong>04. November 2011<\/strong><\/h6>\n<p>Elfriede P\u00f6rschke : Ernennung zum Ehrenmitglied<\/p>\n<div id=\"attachment_1399\" style=\"width: 310px\" class=\"wp-caption aligncenter\"><a href=\"http:\/\/xn--bvbergmannsglck-datteln-opc.de\/wp-content\/uploads\/2017\/04\/04_11_2011_005-300x225.jpg\" rel=\"wpdevart_lightbox\"><img loading=\"lazy\" decoding=\"async\" aria-describedby=\"caption-attachment-1399\" class=\"size-full wp-image-1399\" src=\"http:\/\/xn--bvbergmannsglck-datteln-opc.de\/wp-content\/uploads\/2017\/04\/04_11_2011_005-300x225.jpg\" alt=\"Bergmannsgl\u00fcck-Datteln-Ehremitglied\" width=\"300\" height=\"225\" \/><\/a><p id=\"caption-attachment-1399\" class=\"wp-caption-text\">2011 Elfriede P\u00f6rschke Ernennung zum Ehrenmitglied<\/p><\/div>\n<div id=\"attachment_1400\" style=\"width: 310px\" class=\"wp-caption aligncenter\"><a href=\"http:\/\/xn--bvbergmannsglck-datteln-opc.de\/wp-content\/uploads\/2017\/04\/04_11_2011_006-300x225.jpg\" rel=\"wpdevart_lightbox\"><img loading=\"lazy\" decoding=\"async\" aria-describedby=\"caption-attachment-1400\" class=\"size-full wp-image-1400\" src=\"http:\/\/xn--bvbergmannsglck-datteln-opc.de\/wp-content\/uploads\/2017\/04\/04_11_2011_006-300x225.jpg\" alt=\"Bergmannsgl\u00fcck-Datteln Ehrenmitglied\" width=\"300\" height=\"225\" \/><\/a><p id=\"caption-attachment-1400\" class=\"wp-caption-text\">2011 Ehrenmitglied Elfriede P\u00f6rschke<\/p><\/div>\n<h6><strong>04. Dezember 2011<\/strong><\/h6>\n<p>Barbarafeier in der Friedenskirche am Schiffshebewerk<\/p>\n<div id=\"attachment_1401\" style=\"width: 310px\" class=\"wp-caption aligncenter\"><a href=\"http:\/\/xn--bvbergmannsglck-datteln-opc.de\/wp-content\/uploads\/2017\/04\/123_068-300x225.jpg\" rel=\"wpdevart_lightbox\"><img loading=\"lazy\" decoding=\"async\" aria-describedby=\"caption-attachment-1401\" class=\"size-full wp-image-1401\" src=\"http:\/\/xn--bvbergmannsglck-datteln-opc.de\/wp-content\/uploads\/2017\/04\/123_068-300x225.jpg\" alt=\"Bergmannsgl\u00fcck-Datteln Barbarafeier\" width=\"300\" height=\"225\" \/><\/a><p id=\"caption-attachment-1401\" class=\"wp-caption-text\">2011 Barbarafeier<\/p><\/div>\n","protected":false},"excerpt":{"rendered":"<p>April 2011 Maifeier in Waltrop April 2011 Maibaumaufstellung in Meckinghoven Mai 2011 Maifeier am Hermann-Grochtmann-Museum Mai 2011 Landeskirchschicht in Castrop-Rauxel Ickern 02. -04 Juli 2011 Bergmannsfest in Unterbreizbach\/Th\u00fcringen Am Vortag Besuch der Grube H\u00fchn in Trusetal 18. September 2011 St. Antonius- Hachhausen \u00a0 21. September 2011 Ehrenamtstag auf der Martin-Luther-Sra\u00dfe 15. Oktober 2011 VF Deutscher [&hellip;]<\/p>\n","protected":false},"author":1,"featured_media":0,"parent":4261,"menu_order":18,"comment_status":"closed","ping_status":"closed","template":"","meta":{"_crdt_document":"","_uag_custom_page_level_css":"","postBodyCss":"","postBodyMargin":[],"postBodyPadding":[],"postBodyBackground":{"backgroundType":"classic","gradient":""},"pgc_sgb_lightbox_settings":"","footnotes":""},"class_list":["post-112","page","type-page","status-publish","hentry","post"],"uagb_featured_image_src":{"full":false,"thumbnail":false,"medium":false,"medium_large":false,"large":false,"1536x1536":false,"2048x2048":false,"post-thumbnail":false,"vantage-thumbnail-no-sidebar":false,"vantage-slide":false,"vantage-carousel":false,"vantage-grid-loop":false},"uagb_author_info":{"display_name":"Erich","author_link":"https:\/\/xn--bvbergmannsglck-datteln-opc.de\/?author=1"},"uagb_comment_info":0,"uagb_excerpt":"April 2011 Maifeier in Waltrop April 2011 Maibaumaufstellung in Meckinghoven Mai 2011 Maifeier am Hermann-Grochtmann-Museum Mai 2011 Landeskirchschicht in Castrop-Rauxel Ickern 02. -04 Juli 2011 Bergmannsfest in Unterbreizbach\/Th\u00fcringen Am Vortag Besuch der Grube H\u00fchn in Trusetal 18. September 2011 St. Antonius- Hachhausen \u00a0 21. September 2011 Ehrenamtstag auf der Martin-Luther-Sra\u00dfe 15. Oktober 2011 VF Deutscher&hellip;","_links":{"self":[{"href":"https:\/\/xn--bvbergmannsglck-datteln-opc.de\/index.php?rest_route=\/wp\/v2\/pages\/112","targetHints":{"allow":["GET"]}}],"collection":[{"href":"https:\/\/xn--bvbergmannsglck-datteln-opc.de\/index.php?rest_route=\/wp\/v2\/pages"}],"about":[{"href":"https:\/\/xn--bvbergmannsglck-datteln-opc.de\/index.php?rest_route=\/wp\/v2\/types\/page"}],"author":[{"embeddable":true,"href":"https:\/\/xn--bvbergmannsglck-datteln-opc.de\/index.php?rest_route=\/wp\/v2\/users\/1"}],"replies":[{"embeddable":true,"href":"https:\/\/xn--bvbergmannsglck-datteln-opc.de\/index.php?rest_route=%2Fwp%2Fv2%2Fcomments&post=112"}],"version-history":[{"count":0,"href":"https:\/\/xn--bvbergmannsglck-datteln-opc.de\/index.php?rest_route=\/wp\/v2\/pages\/112\/revisions"}],"up":[{"embeddable":true,"href":"https:\/\/xn--bvbergmannsglck-datteln-opc.de\/index.php?rest_route=\/wp\/v2\/pages\/4261"}],"wp:attachment":[{"href":"https:\/\/xn--bvbergmannsglck-datteln-opc.de\/index.php?rest_route=%2Fwp%2Fv2%2Fmedia&parent=112"}],"curies":[{"name":"wp","href":"https:\/\/api.w.org\/{rel}","templated":true}]}}